 + 4 = 0, 2*l + 0*q + q = 312. Let h = l - f. Is h prime?
False
Let m be 2/4 - (-610)/4. Let u = -106 + m. Is u composite?
False
Let k be 7 + (-3)/((-3)/(-1)). Let b(c) = 2*c**2 - 11*c + 7. Let o(u) = 2*u**2 - 12*u + 8. Let w(h) = 3*b(h) - 2*o(h). Is w(k) a prime number?
True
Let h(a) be the second derivative of a**4/12 - a**3 - 9*a**2/2 + 2*a. Is h(8) prime?
True
Let f = -87 + 274. Is f composite?
True
Let d = 275 + -114. Is d a prime number?
False
Suppose 10*d - 7*d - 669 = 0. Is d a composite number?
False
Let u(y) = -3*y + 11 - 3*y - 4*y. Is u(-10) composite?
True
Let w = 3 - 2. Let c be w*2/(3/(-3)). Is 37*1*(-2)/c composite?
False
Let r(q) = -q + 8. Let b be r(5). Suppose b*a = 2*g + 4, -4*a = 4*g - 0*a - 12. Is (0 + g)*(37 + 0) a prime number?
True
Let p = 3 - 1. Suppose 0*v - 10 = 4*v + p*q, -4*v - 5*q = 25. Suppose o = -v*o + 89. Is o a prime number?
True
Let y(n) be the third derivative of 0*n + 1/24*n**4 - 1/120*n**6 + 0*n**5 + 65/6*n**3 + 0 + 2*n**2. Is y(0) prime?
False
Suppose r - 4089 + 578 = 0. Is r composite?
False
Suppose -2*l + 5 - 2 = -h, -4*l + 3*h + 9 = 0. Suppose 0 = -l*f - 2*f - 4*s + 86, 80 = 2*f + s. Is f a composite number?
True
Suppose -p + 175 = 3*x, 0 = 2*p - 2*x + x - 350. Let d = 302 - p. Is d a prime number?
True
Let f(u) be the third derivative of -u**6/120 - u**4/12 - u**3/6 + 2*u**2. Let v be f(-1). Suppose 3*i - 245 = -v*i. Is i prime?
False
Let b = -123 - -220. Is b a prime number?
True
Suppose 4*g = -4*c + 3*c + 179, -g + 819 = 5*c. Is c composite?
False
Let u(i) = 92*i + 1. Is u(2) prime?
False
Suppose -3*j + 4*l = 1 + 7, -15 = -3*l. Suppose 4*u - 1155 = -395. Suppose -j*a + u = -158. Is a a composite number?
True
Let p(d) = d**2 + 3*d - 1. Let s be p(2). Is ((-6)/s)/(4/(-414)) prime?
False
Let q = -491 + 869. Is 5/(-20) + q/8 composite?
False
Let j(t) = -t**2 - 2*t - 1. Let g be j(-2). Let a be g/(7/(-2) - -3). Suppose -4*m + a*m + 30 = 0. Is m composite?
True
Let r(f) = -f**3 - 6*f**2 - 4*f + 1. Let z be r(-5). Let t = -5 - z. Let x = 36 - t. Is x composite?
False
Suppose 0 = 4*z + 3*i - 12 + 1, -3*z = 5*i. Suppose 0 = 3*j - z*f + 165, -2*j = 3*f - 17 + 146. Let x = 23 - j. Is x a prime number?
True
Let t = 1 - -4. Suppose 153 = t*v - 22. Is v a prime number?
False
Suppose -5*m + 15 = -10. Suppose -u - 50 = -c - 2*u, -5*c = -m*u - 220. Is c composite?
False
Let c = -93 + 146. Suppose -3*z + c = -55. Let q = 3 + z. Is q a prime number?
False
Let b = -119 - -208. Is b a composite number?
False
Let t(w) = -6*w**3 + w + 2. Is t(-3) prime?
False
Let y(w) = -2*w**3 - 3*w**2 + w - 1. Is y(-6) a composite number?
False
Suppose 0 = 4*p + p - 4*x + 5534, 0 = -x - 4. Let u = 1861 + p. Let s = u - 500. Is s a prime number?
True
Let w be (-3972)/30 - (-3)/(-5). Let p = 0 - w. Is p a composite number?
True
Let d be 3*-91 - (0 - 2). Let o = -188 - d. Is o a prime number?
True
Let u(m) = -m**2 - m + 3. Let v(z) = z - 6. Let c be v(6). Let h be u(c). Suppose h*a = 277 + 278. Is a composite?
True
Suppose 7*k - 15 = 4*k. Suppose 4*g - 331 = -8*d + 3*d, k*d - 5*g - 340 = 0. Is d a composite number?
False
Suppose -5*w + 3*q = -3 - 10, -w - 3 = -2*q. Suppose -4*d + 0*d - w*f + 123 = 0, -d - 4*f + 17 = 0. Is d prime?
True
Let t(c) = -34*c**3 - c - 1. Let n be t(-1). Suppose 4*p - 262 + n = 0. Is p composite?
True
Let r be 106 + -4 - -1*3. Suppose -4*d + r = p, -p = 3*d - 86 - 21. Is p prime?
True
Let r(y) = -y**3 + 7*y**2 + 7*y - 4. Let d be r(6). Suppose -b = -19 - 90. Let i = b - d. Is i composite?
True
Let p be 4*2*2*2. Let s = 149 + -64. Let n = s - p. Is n composite?
False
Let g be (5 - (1 + 1)) + 2. Suppose 0 = -3*i + g*f - 12, -i = 2*f + f - 10. Is 2/(165/159 - i) a prime number?
True
Suppose 4*g = 4*s - 7152, -4*s + 7157 = -5*g + 2*g. Is s composite?
True
Suppose 2*v = 11 - 1. Suppose 3*i + u = 624 + 275, v*i - 4*u - 1470 = 0. Is i composite?
True
Suppose -5*n = -0*b - 3*b - 3, 3*b + 2*n + 3 = 0. Let y be 616/3 + b/3. Is y/9 - (-4)/18 prime?
True
Let i be -3*(-1)/(6/4). Is i*(-291)/(-24)*4 composite?
False
Suppose -5*n = -155 - 250. Let u = 244 - n. Is u prime?
True
Let p = -114 + 161. Is p a composite number?
False
Suppose -3*j + 24 = 3*t, -4*j = -0*j + t - 20. Suppose 1004 = j*w + 5*g, 4*w - 3*g = 2*g + 1004. Is w a composite number?
False
Let m(j) = 5*j**2 - 34*j + 11. Is m(-16) prime?
False
Suppose 0 = 4*w - 6 + 18, -29 = o + 5*w. Let z = 105 + o. Is z a prime number?
False
Let q = -1384 + 2533. Is q composite?
True
Let l be (-1)/4 - 85/(-20). Is l + -2 - 0 - -121 a prime number?
False
Let b(y) = -16*y + 3. Is b(-1) a prime number?
True
Let v be (-1)/(-3) + 2345/3. Is 3/(-4) - v/(-8) prime?
True
Suppose -4*m - 11 = 9. Let n = 19 + m. Is n composite?
True
Let h(i) = -2*i**3 - 2*i**2 + 3*i + 2. Let u be h(-2). Let z(a) = -a - 8. Let r be z(-8). Suppose r*d = u*d - 76. Is d prime?
True
Let x be (2/(-3))/(1/(-354)). Suppose -3*i = i - x. Is i prime?
True
Suppose 2*j = 4 + 14. Suppose 3*o = j + 21. Is o a composite number?
True
Suppose s = -3*c - 13, -14 = 3*s + c + 3*c. Suppose 0 = s*h - 2 - 6. Suppose -111 = -h*m + m. Is m a prime number?
True
Suppose g - 4 - 2 = 0. Let w(p) = p**3 - 2*p**2 + 2*p + 3. Is w(g) a composite number?
True
Let p = 111 + -44. Is p a prime number?
True
Let o be 502/9 + 10/45. Suppose 0 = -m + o + 33. Is m a composite number?
False
Suppose 8*i = 3*i + 2425. Is i a prime number?
False
Let z = 91 - 17. Is z prime?
False
Let n(d) be the second derivative of d**3/6 - 33*d**2/2 + d. Let g be n(0). Let m = 94 - g. Is m a prime number?
True
Let t(o) = 18*o. Let l be t(2). Suppose -y + l = -31. Is y a composite number?
False
Suppose -8 = -u - o, u - 5*u = 3*o - 29. Suppose 0*b + u*b = -3*s - 11, 0 = -5*b - 20. Is s composite?
False
Let c = 474 + -181. Is c composite?
False
Let d(w) = w**3 - 2*w**2 + 2*w - 2. Let v be d(2). Let u be ((-24)/4)/((-3)/v). Suppose u*z - 81 = -5*p, -3*p + 38 + 22 = 3*z. Is z a composite number?
False
Let m = 596 + -419. Is m a composite number?
True
Suppose -25 = 5*r, o - 4*r - 20 = -2*o. Suppose -3*q + o*q + 159 = 0. Is q composite?
False
Suppose h = 1468 - 31. Is h composite?
True
Suppose -3*x = -2*x - 329. Is x a prime number?
False
Let i = -26 - -1045. Is i a composite number?
False
Let n(w) = w**2 + w + 1. Let f be n(-4). Suppose 0 = 5*a + f + 22. Is (-690)/(-14) + 2/a a composite number?
True
Let y(b) = b**3 - 11*b**2 + 3*b + 13. Is y(11) prime?
False
Is (295/20)/((2/40)/1) a composite number?
True
Suppose 1987 = 6*w - 287. Is w a prime number?
True
Let m(d) = -d - 4. Let s be m(-5). Let c = 1 - s. Suppose 105 = 3*g - c*g. Is g composite?
True
Let x(c) = 6*c**2 + 6*c + 7. Is x(-5) composite?
False
Suppose 3*w + 3*c - 2927 = -c, 2*w = -c + 1948. Is w a composite number?
True
Suppose -584 = -4*n + 4*y, n + 0*n + 5*y - 158 = 0. Let j = -63 + n. Is j prime?
False
Suppose 12*c = 9*c + 3291. Is c composite?
False
Let k = -3 - -7. Suppose 4*a + 5*x = 142, 9*a - 161 = k*a + 2*x. Is a prime?
False
Let m be 2/((-942)/(-236) - 4). Let b be -1 + 0 + (-7)/1. Is (m/b)/((-2)/(-4)) composite?
False
Let u = 0 - -6. Is (u - 68)/(1*-2) a composite number?
False
Let v be 2/(-7) - (-30)/7. Suppose -5*y = -v*y - 5. Suppose -y*o + 296 = -o. Is o a prime number?
False
Let i(q) = q**2 - q - 3. Let z be i(3). Suppose 0 = s + 5*o - 17, 23 = z*s - 0*s + o. Is s composite?
False
Let o = 15 - 67. Let k be 1 - (1*o - -2). Suppose -93 = -u - 2*m, -5*m + k - 286 = -3*u. Is u a prime number?
False
Is (443/4)/((-2)/(-8)) a composite number?
False
Suppose 0 = 4*d - 6*d + 18. Is d a prime number?
False
Suppose 4*n = -1 + 9. Suppose -4*z - 958 = -n*k, -3188 = -4*k + 4*z - 1280. Suppose 3*u + k = 4*l, -u + 4*u = -15. Is l a prime number?
False
Let x be ((-20)/35)/(1/(-7)). Suppose 4604 = 8*q - x*q. Is q composite?
False
Suppose -2*d - 5*j + 2144 = 0, 3*j + 127 = -d + 1200. Is d a composite number?
True
Let x(d) = -9*d**2 - 3 - 3*d - 3*d - 2 - d**3. Let w be x(-8). Is (w/6)/(2/(-28)) composite?
True
Suppose 0 = 3*i - 2*p + 2144, i - 5*p - 1404 = 3*i. Let g = -13 - -21. Is (-1*1)/(g/i) composite?
False
Let l = 0 - -6. Suppose -2*d = -d - l. Suppose d*r - 2*r - 236 = 0. Is r composite?
False
Let v(s) = -20*s + 5. Let h(w) = -19*w + 4. Let x(g) = -4*h(g) + 3*v(g). Is x(2) a composite number?
False
Let m